er when 130 is divided by f(q).
10
Let h(k) = 2*k**2 + 3*k + 5. Let a(d) = 9*d**2 + 2*d - 26. Let g be a(-5). Suppose -6*r + 93 + g = 0. Calculate the remainder when r is divided by h(-4).
22
Let r be (8*2)/(4/50*5). Let j = 94 - r. Calculate the remainder when 485 is divided by j.
53
Suppose -38190 + 44542 = -699*s + 90931. Suppose 5*q - 122 = 3. Calculate the remainder when s is divided by q.
21
Let b(y) = -y**3 - 8*y**2 + 3*y + 12. What is the remainder when 260 is divided by b(-9)?
62
Let w(a) = 17*a**2 - 589*a - 77. Let j = 114 - 45. Calculate the remainder when w(35) is divided by j.
64
Suppose 6432 = 51*j + 89*j + 61*j. Calculate the remainder when 226 is divided by j.
2
What is the remainder when 898/8 - ((-21)/12 - -1) is divided by ((-3840)/(-800))/((-2)/(-10))?
17
Let k(d) = d**2 + d + 6. Let g be k(-2). Let c be (20/g + -2)*(-1 - -1). Suppose c*s - 5*s = -70. What is the remainder when 53 is divided by s?
11
Let a = -19510 + 20417. What is the remainder when a is divided by 127?
18
Let q(p) = -297*p - 448. What is the remainder when q(-8) is divided by 7?
3
Let u be 1 + 8/12*3 - -7. Suppose -4*r = -n - 49, 0 = n - 3 - 0. What is the remainder when r is divided by u/3 + ((-140)/(-21) - 6)?
1
Let i(b) = -24*b - 68. Let j be (-34)/9 + 18/(-81). Let s = 271 - 164. Calculate the remainder when s is divided by i(j).
23
Let z(p) = 221*p - 560. Suppose 0 = -2*o - l + 46, -l = -4*l. Calculate the remainder when z(3) is divided by o.
11
Let a(d) = 110*d - 1. Let q be a(2). Let t = q + -188. What is the remainder when 87 is divided by t?
25
Let w(g) = -664*g + 29. What is the remainder when w(0) is divided by (1/(-2))/((-1)/34)?
12
Suppose 4889 - 1445 = -12*t. Let h = -53 - t. Suppose 2*f = -5*d + h - 52, -5*f - 2*d + 455 = 0. What is the remainder when f is divided by 23?
22
Suppose -3*x = -2*o + 40, x + 45 + 25 = 4*o. Let n be -5 - (-1)/((-2)/270). Let h = n - -170. What is the remainder when h is divided by o?
13
Suppose u + 0*u - j = -6, -3*j = 9. Let p be (-5 - 0 - u)/((-2)/12). Let g = p + 30. Calculate the remainder when 27 is divided by g.
3
Calculate the remainder when 2231 is divided by (-5*(-16 - -11))/((-5)/(-3)).
11
Calculate the remainder when 4 - (-823 + (-17 - -12)) is divided by 49.
48
Suppose -j - 2*q - 273709 = 0, 12*j - 547454 = 14*j - 5*q. What is the remainder when (-4)/56 - j/238 is divided by 16?
14
Let j(n) = 49*n - 19*n**2 + 27 + 29*n**2 - 6*n**2. Suppose -2*m = 3*h - 51, 0 = 3*m + 3*h - 4*h - 71. Calculate the remainder when m is divided by j(-12).
9
Suppose 4*i + 2*q + 11 = -23, -i = 5*q + 4. Let k(a) = -a**3 - 7*a**2 + 19*a + 76. Calculate the remainder when k(i) is divided by 4.
3
Suppose -9*t + 190 = -14*t. Let x = 70 + t. Calculate the remainder when 53 is divided by x.
21
Suppose 31*f = 46*f - 19155. Calculate the remainder when f is divided by 2.
1
Let x = 972 - 418. Suppose 11*n - x = 40. Calculate the remainder when n is divided by 28.
26
Let y = 380 + 93. Let q = y - 440. Calculate the remainder when q is divided by 5.
3
Suppose -22*n + 26*n = 2*r - 426, -2*r - 5*n + 462 = 0. Calculate the remainder when 437 is divided by r.
216
Let h(x) = x**3 - 9*x**2 + 6*x + 23. Let u(m) = m. Let g(i) = -h(i) - 4*u(i). Calculate the remainder when 38 is divided by g(6).
13
Suppose 1467 = 5*x + 3*o, x + 203*o - 208*o - 299 = 0. Calculate the remainder when 927 is divided by x.
45
Let x = -51 - -92. Suppose 0 = 66*b - 891 - 33. Calculate the remainder when x is divided by b.
13
Calculate the remainder when 573 is divided by 4*(-189)/(-14) - (3 + 5).
21
Suppose 3*g - 335 = 5*m, -3*m = -g - 2*m + 113. What is the remainder when 120 is divided by g?
5
Suppose -12*j - 20 = -8. Let s(p) = -p**3 - p**2 - 2*p. What is the remainder when (-95)/j + 0/1 is divided by s(-3)?
23
Let p(f) = -8*f**3 + 129*f**2 - 8*f - 91. What is the remainder when 71 is divided by p(16)?
34
Let r be (-4)/56*-2222 + 8/28. Let l = r + -153. Calculate the remainder when 95 is divided by l.
5
Suppose 6*c + 20*c - 924 = -18*c. Suppose 0 = -5*a - 56 + 151. What is the remainder when c is divided by a?
2
Suppose 156*w + 29199 = 227943. What is the remainder when w is divided by 307?
46
Suppose l + 1469*i = 1464*i - 22, 3*l - 3*i = 42. Calculate the remainder when 1182 is divided by l.
6
Let s be (0/(0 - -2) + 1)*2. Suppose n + 2 = s*n. Calculate the remainder when 60 is divided by (n + (-15)/10)*32.
12
Suppose -321 = -2*f - 5*s, -6 = -3*s - 21. Let k = f + -123. Calculate the remainder when k is divided by 3.
2
Let t be 317 - (3/9*-3 + -4). Let a = 339 - t. Calculate the remainder when a is divided by 6.
5
Let x = 2085 + -1339. What is the remainder when x is divided by 371?
4
Calculate the remainder when 149 is divided by 49 + (-11)/((-44)/(-16)).
14
Let l = 47 + -48. Calculate the remainder when 187 is divided by (41 - 38)*((-94)/6)/l.
46
Suppose -48*z = -54*z + 1638. What is the remainder when 1126 is divided by z?
34
Suppose 146*b - 286*b = -29680. What is the remainder when b is divided by 6?
2
Let y(b) = 6*b - 96. Let m be y(16). Suppose m = -27*c - 7 + 1249. Calculate the remainder when c is divided by 30.
16
Suppose -10*l + 2278 + 1552 = 0. What is the remainder when l is divided by 342?
41
Calculate the remainder when 15*(192/20 + 2 + 5 + -7) is divided by 21.
18
Let f(i) = 2*i + 1. Suppose 11*b - 6*b = 390. Suppose y + 25*y = b. Calculate the remainder when f(2) is divided by y.
2
Let o(s) = -3*s**3 + 21*s**2 - 5*s + 2. Suppose -5*d = -y - 20 - 117, y = 4*d - 110. Calculate the remainder when o(6) is divided by d.
26
Let c = 29 + -27. Suppose -c*a - 4*l + 14 = 0, 8 = -a + 5*a - 2*l. Suppose 0*k = a*k - 18. Calculate the remainder when 9 is divided by k.
3
Let m(n) = -n**2 + 20*n + 336. Calculate the remainder when 645 is divided by m(-10).
33
Let t(p) = -236*p - 287. What is the remainder when t(-47) is divided by 2?
1
Let l(k) = -k**3 - 16*k**2 + 21*k - 139. Calculate the remainder when 905 is divided by l(-18).
119
Let h(m) = 4*m**2 - 247*m - 1173. Calculate the remainder when 2082 is divided by h(-5).
138
Let a(f) = -89*f + 1041. Calculate the remainder when 617 is divided by a(11).
59
Calculate the remainder when 1117 is divided by ((-6)/(-7) + 2850/105 - 2) + -6.
17
Let p be 306/(-85) - (-3)/5. Let g = 34 + -32. Calculate the remainder when p - (-101 + 3)/g is divided by 16.
14
Suppose 0 = 101*i - 105*i + 16. Suppose -4*d - 127 = -9*o + i*o, 4*o = -3*d + 83. Let l(n) = 2*n**2 - n - 1. Calculate the remainder when o is divided by l(-2).
5
Suppose -19 = 3*f - 31. Suppose -84 = 2*h - 8*h. Calculate the remainder when (f - 1068/(-8))*8/10 is divided by h.
12
Let z(o) = 3*o**3 - 57*o**2 + 212*o - 18. Calculate the remainder when 893 is divided by z(14).
3
Suppose -5*z = 3*w - 144, 89 = 2*w - 13*z + 14*z. Suppose 42*f = w*f + 2, 3*b + f = 175. Calculate the remainder when 231 is divided by b.
54
Let v(x) = -x**2 - 43*x + 186. Calculate the remainder when v(-46) is divided by 9.
3
Let f be 6/4*-1*56/21. Calculate the remainder when 43 is divided by 11*(f - (1 - 6)).
10
Let u(t) = 21*t**2 + 121*t + 22. What is the remainder when u(-6) is divided by 19?
14
Let x(w) = -w + 76. Let z be x(0). Let o = 374 - 374. Suppose o = -10*j + 6*j + z. What is the remainder when 54 is divided by j?
16
Let w(r) = 24*r**2 + 203*r + 2658. What is the remainder when w(-14) is divided by 34?
32
Suppose -4*l + 369 = 5*t, -3*t = 21*l - 25*l - 183. Calculate the remainder when 2552 is divided by t.
68
Suppose -36*c = -39*c - 411. Let x = c + 151. Calculate the remainder when 96 is divided by x.
12
Let h(u) = 20*u - 29. Let b(x) = 10*x - 14. Let v(r) = -5*b(r) + 3*h(r). Let g be v(3). Let p = g - -89. What is the remainder when p is divided by 35?
32
Let t = 172 + -83. Suppose 0 = 4*y + 37 - t. Suppose 4*c - 199 = y. Calculate the remainder when c is divided by 15.
8
Let v(l) = 2029*l - 40491. Let u be 6/(-27) + (-40)/(-18). What is the remainder when v(20) is divided by (1 - (u - -6))*-1?
5
Suppose -1737*a = -1733*a + 60. Let p(c) = -3*c**3 - 45*c**2 - c + 18. What is the remainder when 92 is divided by p(a)?
26
What is the remainder when 1955 is divided by 635 + (16/(-56))/((-24)/924)?
17
Let n(t) = 27*t - 244. Suppose -3*u + 44 = 5. Suppose p + u = 89. Calculate the r